 Suppose h - d + 26 = 0. Is h composite?
False
Let n(a) = -2*a + 2. Let m be n(-2). Let l = -8 + m. Let j(w) = -38*w + 1. Is j(l) a prime number?
False
Let g(z) be the third derivative of -z**6/120 + 2*z**5/15 + 11*z**4/24 - 5*z**3/6 - 4*z**2. Is g(9) a prime number?
True
Let t(w) = 12*w - 11. Let u be 6/(-8)*(4 - 12). Suppose 2*o - u = 10. Is t(o) a prime number?
False
Suppose v - 97 = 5*r, -388 = -4*v - r - 3*r. Let l be (-1)/(2/(-4)) + 30. Let i = v - l. Is i composite?
True
Let y = 1 + -2. Let i(b) = -203*b**3 - 2*b**2 - 2*b - 1. Let k be i(y). Let a = 293 - k. Is a a composite number?
True
Let w(s) = -2*s**3 + 5*s**2 + 2*s + 1. Let p be 2*(-1 + 2/(-4)). Is w(p) prime?
False
Suppose 0*j = 5*j + 70. Let b = 23 + j. Is ((-52)/(-6))/(2/b) a prime number?
False
Suppose -x + 216 + 1511 = 2*k, -k - 6935 = -4*x. Is x prime?
True
Let v = 4 - 3. Let q be 7 - 6 - v*-11. Is (-1)/((-3)/9) + q a prime number?
False
Let u(v) = 3*v**2 + 31*v - 15. Is u(-22) prime?
False
Let c = -32 + 187. Let w be 22*(c/2)/5. Suppose 0 = -5*g + 5*a + 460, -4*g + w + 72 = 5*a. Is g a composite number?
False
Let o = 1729 + -674. Is o a prime number?
False
Suppose 2*p = -z + 515, 2*z + 1283 = 5*p + 3*z. Suppose 2*a = p + 406. Is a a prime number?
True
Let d be 3/(-3*(-2)/164). Let v = 39 + d. Is v prime?
False
Suppose 561 = 5*u - 444. Is u a composite number?
True
Let m be (-8)/((-3 - -3) + -2). Suppose -5*q - 50 = -5*a, -2*a + 0*q = -m*q - 22. Is a a prime number?
False
Let y = -310 - -1671. Is y a prime number?
True
Suppose -825 = -3*g - 66. Is g a prime number?
False
Let z(b) = 32*b**2 - 4*b + 3. Let h = 0 - 0. Suppose -3*j + j - 4*r + 20 = h, 4*r - 18 = -j. Is z(j) a composite number?
True
Let l(s) = 2*s - 2 - 17*s - 20*s. Let y be l(6). Is (y/(-16))/((-2)/(-8)) prime?
True
Suppose 0 = -2*d - 3*d + 2570. Let g be 25/10 - (-36)/(-8). Is d/14 - g/7 a prime number?
True
Let i = 3 - 0. Suppose 2*r = s + 2*s + 173, 3*r - 252 = -i*s. Is r a composite number?
True
Suppose -4*l + r + 2406 = -1056, -4335 = -5*l + 5*r. Is l composite?
True
Is 6/(-4)*(-652)/6 a prime number?
True
Let x = -5 - -5. Let y(o) = o**2 - o + 14. Let b be y(x). Suppose -c = c - b. Is c composite?
False
Let g = 987 - -295. Is g a composite number?
True
Suppose 3*b = 274 + 1040. Suppose -d - 350 = -6*d. Suppose 4*v - b = d. Is v a composite number?
False
Let l(c) = c**2 + c. Let w be l(2). Let t(k) be the second derivative of -k**4/12 + 3*k**3/2 + 7*k**2/2 - 2*k. Is t(w) a prime number?
False
Let z be (6/4)/(1/2). Let n(x) = 3 - 4*x**3 + 2*x - 2*x**z + 0*x**3 - 2*x**2 + x**3. Is n(-2) a prime number?
True
Let y(x) = 63*x + 1. Let h(j) = j - 4. Let p be h(6). Let q be y(p). Suppose 0 = -2*c + c + q. Is c prime?
True
Suppose 82 = 2*q - 14. Let f = q + -29. Is f a composite number?
False
Let z be 4/(-14) - 16/(-7). Is (10/(-4))/(z/(-68)) composite?
True
Is (-117 - 6)*10/(-6) a prime number?
False
Suppose 5*g = 240 + 25. Is g prime?
True
Suppose 1 = -4*h + 5. Is (115*h)/(1 - 0) a composite number?
True
Let p = -345 - -653. Suppose 90 + p = 2*c. Is c a composite number?
False
Let d = 134 + -24. Suppose -d - 774 = -4*a. Is a a composite number?
True
Is (-122 + -5)/(3/1)*-9 a composite number?
True
Let n be 6 - (-1 + 6 + -3). Let q be n + 6/(-2) + 469. Let l = -255 + q. Is l a composite number?
True
Suppose q - 1 - 3 = 0. Suppose -2*o + 164 = -q*o. Let p = -13 - o. Is p prime?
False
Let c(j) = j**2 - j. Let i be c(2). Let s(f) = 29*f - 3. Let u be s(i). Suppose -a = -24 - u. Is a a composite number?
False
Suppose -d = -0*d - 467. Is d a composite number?
False
Let p(r) = 206*r + 29. Is p(4) prime?
True
Suppose 0 = -2*q - 2*g - 7 + 15, -3*g = -5*q - 20. Let w = 4 + q. Suppose 184 + 47 = w*b. Is b a composite number?
True
Let c(j) = j**2 + j**2 - 3 - 1 - 3*j. Let u be c(3). Suppose -h = -u - 52. Is h composite?
True
Is (1 - 0)*(1 - -630) a prime number?
True
Suppose -7*t = -11*t + 2452. Is t a prime number?
True
Suppose 5*m + 5584 - 16674 = -5*c, 8877 = 4*m - c. Is m a prime number?
False
Suppose 4*w + 4*j + 188 = 0, -3*w - 43 = -2*w + 2*j. Let p = w + 120. Is p a composite number?
True
Let a = -4 - -8. Suppose -a*p = -312 - 1004. Is p prime?
False
Let z = 1674 - 965. Is z a composite number?
False
Let b(i) = -i**2 - i. Let n be b(-2). Is ((-287)/(-2))/((-1)/n) a prime number?
False
Suppose 3*p + 3004 = 7*p - 5*j, 0 = 2*p + 5*j - 1502. Is p composite?
False
Suppose 5*p + 10 = 4*w, -3*p - 6 + 0 = -3*w. Suppose -h = -5*o - 1, w = -2*h + 3*o + 2*o + 2. Is (0 - h)/((-1)/91) prime?
False
Let h(y) = 63*y**2 + 7*y + 2. Let x be h(5). Suppose -m + 5*m - 4*i = x, -i - 807 = -2*m. Suppose -3*l + m = -169. Is l prime?
True
Suppose -2*v = 4, -21 = -3*y + 5*v - 5. Suppose 0 = k - y*k. Suppose -2*s + 177 = a, -4*s + k*s = -5*a + 815. Is a a composite number?
False
Suppose -3*m - 19 = -5*t, -5*m - 7 = t + 6. Suppose -b = -k - 2*k - 6, -2*b = -4*k - t. Is 3/b*(-19 + 1) a prime number?
False
Let q be 2 + (3 - -1 - 1). Let z be (-1 + -3)*(-94)/8. Suppose 2 - z = -q*a. Is a prime?
False
Let j(k) = -76*k + 67. Is j(-13) a composite number?
True
Suppose -966 = -13*w - w. Is w composite?
True
Let c(s) be the third derivative of 29*s**4/8 - s**3/6 - 32*s**2. Suppose 3*m + 1 - 4 = 0. Is c(m) a composite number?
True
Is 3 + -1 + -2 - 1*-97 prime?
True
Suppose -z + 8285 = 4*z. Is z a composite number?
False
Let x = 141 - -256. Is x a composite number?
False
Let z = -2 - -2. Suppose z*k = k - 55. Is k a composite number?
True
Suppose 3*w - 8*w + 12 = -3*d, 0 = w + 2*d + 8. Suppose 5*y - 3 - 7 = 0. Suppose -4*j - g + y*g = -192, w = -5*j - 4*g + 261. Is j a prime number?
False
Is ((126/(-24))/7)/(1/(-268)) prime?
False
Suppose -s - 3*s = 2*d - 250, 4*d - 12 = 0. Suppose -3*v = -5*b - 38, -3*v + 3*b = 13 - s. Is v prime?
False
Suppose -l - 238 = -2*x - 4*l, -5*l - 119 = -x. Is x prime?
False
Let r(z) = 6*z**3 - z**2 - z. Let u be r(-1). Let d be -2 - (-1)/(3/u). Let m = d - -7. Is m prime?
True
Let o be -1 - (0 - (-2 + 19)). Suppose 2*f = -3*a - 8, 2*a = 2*f - a - o. Is 19/f - (-1)/(-2) a composite number?
True
Let z(y) = 3*y**2 + 14*y + 1. Is z(-10) a composite number?
True
Suppose -7*m = -6*m. Suppose -4*q + 4*o + 160 = m, -4*q - 4*o + 41 = -95. Is q composite?
False
Suppose -5*y = -3*g + 6*g - 11, -4*g + 3*y - 24 = 0. Let h = g + 3. Suppose -2*o - 4*v + 58 = h, -5*o + 5*v + 65 + 5 = 0. Is o a prime number?
True
Suppose -3*t - 650 = -5*q, -4*q = 2*t - 795 + 297. Is q a prime number?
True
Suppose 4*p = -0*p + 556. Is p a prime number?
True
Let h(g) = g - 5. Let d be h(8). Suppose -5 + 17 = d*c - 3*w, 3*w + 18 = 5*c. Let k = c + 6. Is k a composite number?
True
Suppose 4*f - a = -1, -1 = -3*f + 3*a - 4. Suppose f*v = v - 13. Is v a prime number?
True
Suppose -4*g - g - 45 = 0. Let b be 4*(0 + g/12). Is 142/3 + 1/b a prime number?
True
Let b(j) = j**3 - 3*j**2 + 4*j - 2. Let m be b(2). Is -2 - (-1 + (m - 54)) composite?
True
Let g = -135 + 280. Is g composite?
True
Let u = 463 - 269. Is u a composite number?
True
Let n = 116 + -57. Is n prime?
True
Let d(b) = b**2 + 3*b - 9. Let t(s) = s**3 - 6*s**2 - s + 8. Let l be t(6). Let v be (4 - l)/((-2)/7). Is d(v) a composite number?
False
Suppose 8*u - 3*u = 190. Is u a composite number?
True
Suppose 5*m = 3*q - 664, -3*m - 43 + 255 = q. Let v = q + -69. Is v prime?
True
Let z = -136 + 585. Is z a prime number?
True
Suppose -2*q + 10 = -10. Let h = q - -37. Is h a prime number?
True
Suppose -3*w - 12 = -3*p, 14 = -p + 3*p + 4*w. Suppose 3*f - p = -2. Is (f/(-2))/(1/(-92)) prime?
False
Let h = 2 + 0. Is 110 + (6/h)/3 a composite number?
True
Is ((-18707)/(-52))/(6/(-8) + 1) composite?
False
Let q(m) = 5*m**2 + 2*m + 1. Is q(-8) prime?
False
Let z = -2 - -2. Suppose -3*l - i + z = -6, 4*l - 8 = 4*i. Is (-2 + 1)/(l/(-42)) prime?
False
Let u(b) = -3*b + 5 + 2 - 6 + b**2. Let m = -2 - -8. Is u(m) a prime number?
True
Let j be (0 - -1) + 6/2. Suppose -582 = -j*f + f. Suppose -3*i + i = -f. Is i a prime number?
True
Let s(u) = 4*u - 1. Let q = 17 + 7. Let l be q/9*6/4. Is s(l) a composite number?
True
Let v = -295 - -536. Suppose 3*d = 3*k + v + 38, 5*d = k + 449. Is d a composite number?
False
Suppose 4*g - 3*i - 33064 = 0, 4*g + 16538 = 6*g - 3*i. Is g composite?
False
Let d(v) = 24*v**3 + 5*v - 3. Is